7221 + 2?
-172797219
In base 16, what is -11a2d6d - -4?
-11a2d69
In base 14, what is 0 - -2a91a4?
2a91a4
In base 16, what is -bb04ef - 3?
-bb04f2
In base 6, what is 3 - -42314140124?
42314140131
In base 7, what is 514 + -221461?
-220644
In base 12, what is 9 - 364148a?
-3641481
In base 9, what is -3 + -7768252?
-7768255
In base 15, what is 1e - -673e5?
67414
In base 7, what is -236 - 231535?
-232104
In base 5, what is 13443 + 2104423?
2123421
In base 2, what is 11111100001010010110000 - 11?
11111100001010010101101
In base 14, what is b43266c - -3?
b432671
In base 4, what is -1000 - -130011132?
130010132
In base 5, what is 433 + -1004?
-21
In base 12, what is 2a636 + -334?
2a302
In base 2, what is 1111111001 - 10110110100000?
-10100110100111
In base 3, what is -111022221001000 + -1211?
-111022221002211
In base 8, what is 14327 - -11377?
25726
In base 15, what is 6105 - 139a?
4c5a
In base 6, what is 0 + -122253033?
-122253033
In base 15, what is -261b976 - 7?
-261b97d
In base 2, what is 1 - -100010001100001101000001?
100010001100001101000010
In base 13, what is 10550 + -26a?
102b3
In base 14, what is -6928bd2 - 1?
-6928bd3
In base 14, what is -1769b99 - 2?
-1769b9b
In base 10, what is -1 - -30147922?
30147921
In base 5, what is -330431310 + -2?
-330431312
In base 6, what is -255405115 + 33?
-255405042
In base 8, what is -34732 - -3136?
-31574
In base 10, what is 2579483 - 4?
2579479
In base 5, what is -3401322 - 2401?
-3404223
In base 2, what is 10000100011110 + 1000110101100?
11001011001010
In base 5, what is 104204 - -11143?
120402
In base 5, what is -2111423 + -40132?
-2202110
In base 10, what is 29832755 - 3?
29832752
In base 12, what is -1 - 7877988?
-7877989
In base 13, what is 757 - 66bb?
-5c64
In base 2, what is 10000 + 100000110101101110001010?
100000110101101110011010
In base 7, what is 46140516 + 1?
46140520
In base 9, what is -67418483 - -4?
-67418478
In base 3, what is 22122 - 12222021012?
-12221221120
In base 9, what is -146602711 + -1?
-146602712
In base 6, what is -22 + 22115122?
22115100
In base 3, what is -1021022111211 - 11?
-1021022111222
In base 5, what is -1341 + 21101?
14210
In base 3, what is 1000222102 + -2?
1000222100
In base 13, what is 3c - -16b216?
16b255
In base 7, what is -60026 + -146455?
-236514
In base 4, what is 123013212 - 131121?
122222031
In base 10, what is 229667 - -726?
230393
In base 13, what is -1534 + 4459a?
43066
In base 8, what is -14044 - -3101?
-10743
In base 8, what is 305560206 + -5?
305560201
In base 8, what is 12 - -120760?
120772
In base 5, what is 210144240143 - -2?
210144240200
In base 9, what is 5 + 3011880?
3011885
In base 8, what is -22 - -313117?
313075
In base 11, what is -10a734 - 62?
-10a796
In base 9, what is 2710161 - 536?
2708524
In base 14, what is 1d0dd - -d49?
20048
In base 14, what is 2238c2a7 + 8?
2238c2b1
In base 9, what is -41 + 1031538?
1031487
In base 4, what is -20 - 1313130301?
-1313130321
In base 13, what is -2c0b - 419?
-3327
In base 6, what is 1043054512 + -2?
1043054510
In base 11, what is 12 - 4060935?
-4060923
In base 15, what is -2 - 585945a?
-585945c
In base 14, what is -2488 + -b56?
-3200
In base 15, what is 1691 - -14b8?
2b59
In base 9, what is -683683 - -163?
-683520
In base 3, what is 2100102210010 - 11?
2100102202222
In base 15, what is -5 + -5b703bc?
-5b703c2
In base 5, what is 4 - -12334412231?
12334412240
In base 14, what is 281 - 97382?
-97101
In base 5, what is -10 - -1434002413?
1434002403
In base 4, what is -100220122113331 - 2?
-100220122113333
In base 9, what is -8 - 67776452?
-67776461
In base 11, what is 792369 - 3?
792366
In base 15, what is 17 - -4c28c?
4c2a4
In base 15, what is -64ce11 - -3?
-64ce0d
In base 13, what is 3 - 1117b910?
-1117b90a
In base 16, what is 197 - -609e0?
60b77
In base 5, what is 24232 + -333120?
-303333
In base 2, what is -110 - -111100111101011011010100001?
111100111101011011010011011
In base 11, what is -360059 - -813?
-35a346
In base 15, what is -2eaca79 - -3?
-2eaca76
In base 11, what is -460 + -363372?
-363822
In base 13, what is -84a70237 + -1?
-84a70238
In base 12, what is -b70aba - 0?
-b70aba
In base 16, what is -3f9bda6 - 0?
-3f9bda6
In base 15, what is -3 - 56704b?
-56704e
In base 15, what is -19 + a352e?
a3515
In base 7, what is 132235 - 32111?
100124
In base 11, what is -999968 + 3?
-999965
In base 9, what is -57 - -257168?
257111
In base 15, what is -1bb7ae1 + 1e?
-1bb7ac2
In base 9, what is -217874 - 6560?
-225544
In base 4, what is -100002230322123 + -10?
-100002230322133
In base 2, what is 10111 + -111100100001010111011?
-111100100001010100100
In base 15, what is -1907988 + -5?
-190798d
In base 4, what is -123212 - -212301?
23023
In base 15, what is -6e6a + c2c?
-623d
In base 6, what is -3 + -150254304?
-150254311
In base 6, what is -2054043 + 213?
-2053430
In base 9, what is 75683073 - 4?
75683068
In base 2, what is -1000110111101110 - -10001110100011?
-110101001001011
In base 13, what is -6 + 230975?
23096c
In base 6, what is 2 - -43231340140?
43231340142
In base 14, what is 1267a137 + -5?
1267a132
In base 8, what is -225 + -1774716?
-1775143
In base 15, what is -326c - 717?
-3984
In base 10, what is 179386 + -271?
179115
In base 10, what is 345510 + 105?
345615
In base 2, what is 100 - -100000011100010010110?
100000011100010011010
In base 10, what is -12 - -28020?
28008
In base 13, what is 2 + 148aa86?
148aa88
In base 11, what is -15593 - -2973?
-12720
In base 14, what is 5 + -6514bb?
-6514b6
In base 10, what is -3 + 264635167?
264635164
In base 5, what is 410231204302 - -4?
410231204311
In base 14, what is 2 - -2824d605?
2824d607
In base 9, what is -21707 - -16708?
-3888
In base 12, what is -4 - 3b3003?
-3b3007
In base 3, what is -100 - 220021022212112?
-220021022212212
In base 9, what is 2 + 4722667?
4722670
In base 2, what is -101100010100 - -101000101001?
-11101011
In base 12, what is 619b4 - 34?
61980
In base 9, what is 14000135 + 1?
14000136
In base 7, what is 1415560263 + 4?
1415560300
In base 3, what is -1022112110010 + -1221?
-1022112112001
In base 14, what is -3da3 - -5083?
10c0
In base 10, what is 9 - 1001415?
-1001406
In base 2, what is 10110011000110010010 + 110001111?
10110011001100100001
In base 13, what is -11cb8 - -9918?
-53a0
In base 16, what is -41fbc39 + 0?
-41fbc39
In base 8, what is 75640 - 301?
75337
In base 9, what is 12113 - 436?
11566
In base 11, what is 103477 + -67?
103410
In base 12, what is -ab - 381849?
-381938
In base 12, what is 480bb3b + -5?
480bb36
In base 10, what is -39 + 132023?
131984
In base 10, what is 2795 - -61990?
64785
In base 5, what is -334424 - 141431?
-1031410
In base 2, what is -1101111010000010001110 - -1000?
-1101111010000010000110
In base 14, what is -b087a5 + -2?
-b087a7
In base 13, what is -333b588 + 3?
-333b585
In base 2, what is -100100 - 100000101111100001100?
-100000101111100110000
In base 10, what is 7 + 1175314?
1175321
In base 6, what is 210225 - 22453?
143332
In base 12, what is 468a + -479?
4211
In base 12, what is -4 + 1211188?
1211184
In base 11, what is -252 - 7a5?
-a47
In base 15, what is a0 - -a10dc?
a118c
In base 8, what is 3704152322 - -2?
3704152324
In base 4, what is 2320023 + 3232033?
12212122
In base 3, what is -12 - 121220001021210?
-121220001021222
In base 6, what is -152 + -54003444?
-54004040
In base 16, what is 63e7 + -817?
5bd0
In base 8, what is 1324474 + 114?
1324610
In base 10, what is -313 - 325363?
-325676
In base 6, what is 2 - 3000324510?
-3000324504
In base 10, what is 135609 + 52?
135661
In base 16, what is 305b9 - 3c4?
301f5
In base 13, what is 7679b39 - 4?
7679b35
In base 11, what is -70 - 4aa828?
-4aa898
In base 5, what is 1400 + -31012341?
-31010441
In base 8, what is 12753 + 107?
13062
In base 10, what is 211933 + 959?
212892
In base 14, what is -28b25 - -1a9?
-2895a
In base 12, what is -5 - 1a3b8a?
-1a3b93
In base 6, what is -30544 + 42504?
11520
In base 12, what is 52772 + -4?
5276a
In base 9, what is -260 - -2342731?
2342461
In base 5, what is -1 - -3131113020?
3131113014
In base 2, what is -10100 + -101101000010001111101?
-101101000010010010001
In base 5, what is 3444341200 - -4?
3444341204
In base 10, what is -3477842 - 41?
-3477883
In base 13, what is 1cba14 - 7?
1cba0a
In base 16, what is -4 + -197f